{"id":16,"date":"2023-07-04T01:02:50","date_gmt":"2023-07-04T01:02:50","guid":{"rendered":"https:\/\/proveeduria.usac.edu.gt\/?page_id=16"},"modified":"2023-07-04T01:02:50","modified_gmt":"2023-07-04T01:02:50","slug":"marco-organizacional","status":"publish","type":"page","link":"https:\/\/proveeduria.usac.edu.gt\/index.php\/marco-organizacional\/","title":{"rendered":"MARCO ORGANIZACIONAL"},"content":{"rendered":"\n<h2 class=\"wp-block-heading has-white-color has-vivid-cyan-blue-background-color has-text-color has-background\">DEFINICI\u00d3N<\/h2>\n\n\n\n<p>El Departamento de Proveedur\u00eda es la instancia administrativa-financiera de la Direcci\u00f3n General Financiera, responsable de realizar las compras de bienes, suministros y servicios, as\u00ed como del abastecimiento del almac\u00e9n central para despacho de materiales y suministros a las dependencias de la Administraci\u00f3n Central, Facultades, Escuelas, Institutos y Centros Universitarios de la Universidad de San Carlos de Guatemala.<\/p>\n\n\n\n<div class=\"wp-block-columns is-layout-flex wp-container-core-columns-is-layout-9d6595d7 wp-block-columns-is-layout-flex\">\n<div class=\"wp-block-column is-layout-flow wp-block-column-is-layout-flow\">\n<h2 class=\"wp-block-heading\">Misi\u00f3n<\/h2>\n\n\n\n<p>Prestar un servicio eficaz y eficiente a las unidades acad\u00e9micas y administrativas de la Universidad de San Carlos de Guatemala para que desarrollen sus actividades cotidianas en beneficio propio, haciendo uso de los recursos universitarios, mediante la actualizaci\u00f3n de los procedimientos, el aporte creativo y el compromiso institucional de los funcionarios y empleados de la Universidad de San Carlos de Guatemala.<\/p>\n<\/div>\n\n\n\n<div class=\"wp-block-column is-layout-flow wp-block-column-is-layout-flow\">\n<h2 class=\"wp-block-heading\">Visi\u00f3n<\/h2>\n\n\n\n<p>Administrar en forma eficiente, equitativa y racional los recursos financieros de la Universidad de San Carlos de Guatemala, manteniendo la b\u00fasqueda constante de la simplificaci\u00f3n de los procesos y procedimientos que involucran a los usuarios de las unidades ejecutoras de la Universidad de San Carlos de Guatemala.<\/p>\n<\/div>\n<\/div>\n","protected":false},"excerpt":{"rendered":"<p>DEFINICI\u00d3N El Departamento de Proveedur\u00eda es la instancia administrativa-financiera de la Direcci\u00f3n General Financiera, responsable de realizar las compras de bienes, suministros y servicios, as\u00ed como del abastecimiento del almac\u00e9n central para despacho de materiales y suministros a las dependencias de la Administraci\u00f3n Central, Facultades, Escuelas, Institutos y Centros Universitarios de la Universidad de San [&hellip;]<\/p>\n","protected":false},"author":1,"featured_media":0,"parent":0,"menu_order":0,"comment_status":"closed","ping_status":"closed","template":"","meta":{"footnotes":""},"class_list":["post-16","page","type-page","status-publish","czr-hentry"],"_links":{"self":[{"href":"https:\/\/proveeduria.usac.edu.gt\/index.php\/wp-json\/wp\/v2\/pages\/16","targetHints":{"allow":["GET"]}}],"collection":[{"href":"https:\/\/proveeduria.usac.edu.gt\/index.php\/wp-json\/wp\/v2\/pages"}],"about":[{"href":"https:\/\/proveeduria.usac.edu.gt\/index.php\/wp-json\/wp\/v2\/types\/page"}],"author":[{"embeddable":true,"href":"https:\/\/proveeduria.usac.edu.gt\/index.php\/wp-json\/wp\/v2\/users\/1"}],"replies":[{"embeddable":true,"href":"https:\/\/proveeduria.usac.edu.gt\/index.php\/wp-json\/wp\/v2\/comments?post=16"}],"version-history":[{"count":1,"href":"https:\/\/proveeduria.usac.edu.gt\/index.php\/wp-json\/wp\/v2\/pages\/16\/revisions"}],"predecessor-version":[{"id":17,"href":"https:\/\/proveeduria.usac.edu.gt\/index.php\/wp-json\/wp\/v2\/pages\/16\/revisions\/17"}],"wp:attachment":[{"href":"https:\/\/proveeduria.usac.edu.gt\/index.php\/wp-json\/wp\/v2\/media?parent=16"}],"curies":[{"name":"wp","href":"https:\/\/api.w.org\/{rel}","templated":true}]}}